{"id":861,"date":"2024-06-06T21:26:55","date_gmt":"2024-06-06T21:26:55","guid":{"rendered":"https:\/\/ligadonanet.com.br\/bombasseiautomacao\/?page_id=861"},"modified":"2024-06-06T21:38:31","modified_gmt":"2024-06-06T21:38:31","slug":"memocash","status":"publish","type":"page","link":"https:\/\/bombasseiautomacao.com.br\/index.php\/memocash\/","title":{"rendered":"Memocash"},"content":{"rendered":"\t\t<div data-elementor-type=\"wp-page\" data-elementor-id=\"861\" class=\"elementor elementor-861\">\n\t\t\t\t<div data-particle_enable=\"false\" data-particle-mobile-disabled=\"false\" class=\"elementor-element elementor-element-de46aeb e-flex e-con-boxed wpr-particle-no wpr-jarallax-no wpr-parallax-no wpr-sticky-section-no e-con e-parent\" data-id=\"de46aeb\" data-element_type=\"container\" data-settings=\"{&quot;background_background&quot;:&quot;classic&quot;}\">\n\t\t\t\t\t<div class=\"e-con-inner\">\n\t\t\t\t<div class=\"elementor-element elementor-element-a503037 elementor-widget__width-inherit elementor-widget elementor-widget-heading\" data-id=\"a503037\" data-element_type=\"widget\" data-widget_type=\"heading.default\">\n\t\t\t\t<div class=\"elementor-widget-container\">\n\t\t\t\t\t<h2 class=\"elementor-heading-title elementor-size-default\">Memocash<\/h2>\t\t\t\t<\/div>\n\t\t\t\t<\/div>\n\t\t\t\t<div class=\"elementor-element elementor-element-ebfcf08 elementor-widget__width-inherit elementor-widget elementor-widget-image\" data-id=\"ebfcf08\" data-element_type=\"widget\" data-widget_type=\"image.default\">\n\t\t\t\t<div class=\"elementor-widget-container\">\n\t\t\t\t\t\t\t\t\t\t\t\t\t\t\t<img fetchpriority=\"high\" decoding=\"async\" width=\"300\" height=\"277\" src=\"https:\/\/bombasseiautomacao.com.br\/wp-content\/uploads\/2024\/06\/MEMOCASH-300x277-1.jpg\" class=\"attachment-large size-large wp-image-867\" alt=\"\" \/>\t\t\t\t\t\t\t\t\t\t\t\t\t\t\t<\/div>\n\t\t\t\t<\/div>\n\t\t\t\t<div class=\"elementor-element elementor-element-221ae1c elementor-widget__width-inherit elementor-widget-mobile__width-inherit elementor-widget elementor-widget-text-editor\" data-id=\"221ae1c\" data-element_type=\"widget\" data-widget_type=\"text-editor.default\">\n\t\t\t\t<div class=\"elementor-widget-container\">\n\t\t\t\t\t\t\t\t\t<p>O MemoCash STD ligado diretamente ao MemoPrint (impressora) \u00e9 o que chamamos de Sistema Local. Com ele \u00e9 poss\u00edvel realizar todas as opera\u00e7\u00f5es de emiss\u00e3o de t\u00edquetes, controle de posi\u00e7\u00f5es em aberto, de estoque etc.<\/p><p>Diretamente no MemoCash podemos ligar uma balan\u00e7a eletr\u00f4nica e um MemoTower \u2013 visor para clientes.<\/p><p>Se conectarmos entre a impressora e o MemoCash um MemoBuffer ent\u00e3o poderemos ligar mais um Pad para auxiliar a digita\u00e7\u00e3o no MemoCash e mais duas impressoras remotas nos conectores do MemoBuffer ou tr\u00eas impressoras remotas.<\/p><p>Caso duas impressoras remotas n\u00e3o sejam suficientes poderemos ligar dois MemoLinks e ent\u00e3o teremos a op\u00e7\u00e3o de colocar mais tr\u00eas impressoras e um Pad em cada um.<\/p>\t\t\t\t\t\t\t\t<\/div>\n\t\t\t\t<\/div>\n\t\t\t\t<div class=\"elementor-element elementor-element-2ca1143 elementor-widget__width-inherit elementor-widget-mobile__width-inherit elementor-widget elementor-widget-text-editor\" data-id=\"2ca1143\" data-element_type=\"widget\" data-widget_type=\"text-editor.default\">\n\t\t\t\t<div class=\"elementor-widget-container\">\n\t\t\t\t\t\t\t\t\t<blockquote><p>MemoCash STD \u2013 Posicionado como Caixa Central, \u00e9 o servidor da Rede. Armazena as informa\u00e7\u00f5es referentes aos cadastros e vendas do turno. Suas opera\u00e7\u00f5es est\u00e3o tanto a n\u00edvel gerencial como de ponto de venda, tais como atendimento de mesas, t\u00edquetes, entrada de suprimentos, trocos, altera\u00e7\u00e3o dos cadastros, extratos, controle de estoque e interfaceamento com microcomputador, balan\u00e7a e torre.<\/p><\/blockquote>\t\t\t\t\t\t\t\t<\/div>\n\t\t\t\t<\/div>\n\t\t\t\t<div class=\"elementor-element elementor-element-d813ed0 elementor-widget__width-inherit elementor-widget-mobile__width-inherit elementor-widget elementor-widget-text-editor\" data-id=\"d813ed0\" data-element_type=\"widget\" data-widget_type=\"text-editor.default\">\n\t\t\t\t<div class=\"elementor-widget-container\">\n\t\t\t\t\t\t\t\t\t<blockquote><p>MemoBuffer STD \u2013 Concentrador dos M\u00f3dulos de Rede STD. Fonte de alimenta\u00e7\u00e3o do MemoCash STD, faz a conex\u00e3o com os terminais impressores e os Caixas Sat\u00e9lites.<\/p><\/blockquote>\t\t\t\t\t\t\t\t<\/div>\n\t\t\t\t<\/div>\n\t\t\t\t<div class=\"elementor-element elementor-element-3e9cf5f elementor-widget__width-inherit elementor-widget-mobile__width-inherit elementor-widget elementor-widget-text-editor\" data-id=\"3e9cf5f\" data-element_type=\"widget\" data-widget_type=\"text-editor.default\">\n\t\t\t\t<div class=\"elementor-widget-container\">\n\t\t\t\t\t\t\t\t\t<blockquote><p>MemoPad STD \u2013 Teclado auxiliar do MemoCash, capaz de realizar opera\u00e7\u00f5es relativas de um ponto de caixa, por\u00e9m n\u00e3o possuem rotinas de altera\u00e7\u00e3o e fechamento de caixa. Pode ser configurado de modo a criar um subconjunto das opera\u00e7\u00f5es de caixa que ele poder\u00e1 ou n\u00e3o executar. Pode trabalhar de forma remota ou como caixa sat\u00e9lite.<\/p><\/blockquote>\t\t\t\t\t\t\t\t<\/div>\n\t\t\t\t<\/div>\n\t\t\t\t<div class=\"elementor-element elementor-element-3932e06 elementor-widget__width-inherit elementor-widget-mobile__width-inherit elementor-widget elementor-widget-text-editor\" data-id=\"3932e06\" data-element_type=\"widget\" data-widget_type=\"text-editor.default\">\n\t\t\t\t<div class=\"elementor-widget-container\">\n\t\t\t\t\t\t\t\t\t<blockquote><p>MemoPower STD \u2013 Concentrador dos equipamentos do Caixa Sat\u00e9lite. Fonte de alimenta\u00e7\u00e3o do MemoPad, faz a conex\u00e3o com o MemoBuffer e seus perif\u00e9ricos (T.I. MemoPrint).<\/p><\/blockquote>\t\t\t\t\t\t\t\t<\/div>\n\t\t\t\t<\/div>\n\t\t\t\t<div class=\"elementor-element elementor-element-f2120b5 elementor-widget__width-inherit elementor-widget-mobile__width-inherit elementor-widget elementor-widget-text-editor\" data-id=\"f2120b5\" data-element_type=\"widget\" data-widget_type=\"text-editor.default\">\n\t\t\t\t<div class=\"elementor-widget-container\">\n\t\t\t\t\t\t\t\t\t<blockquote><h2>Caracter\u00edsticas \u2013 REDE STD<\/h2><p>Destinado a restaurantes, bares, lanchonetes e fast-foods com um \u00fanico ponto de caixa e at\u00e9 50 mesas.<br \/>Controla<br \/>Vendas de balc\u00e3o<br \/>Mesas em aberto<br \/>Fluxo de pedidos<br \/>Estoque de produtos acabados<br \/>Venda de produtos por quilo<br \/>Emite relat\u00f3rios de:<br \/>Produtos vendidos<br \/>Balancete<br \/>Estoque<br \/>Fechamento de caixa e Outros<\/p><\/blockquote>\t\t\t\t\t\t\t\t<\/div>\n\t\t\t\t<\/div>\n\t\t\t\t\t<\/div>\n\t\t\t\t<\/div>\n\t\t\t\t<\/div>\n\t\t","protected":false},"excerpt":{"rendered":"<p>Memocash O MemoCash STD ligado diretamente ao MemoPrint (impressora) \u00e9 o que chamamos de Sistema Local. Com ele \u00e9 poss\u00edvel realizar todas as opera\u00e7\u00f5es de emiss\u00e3o de t\u00edquetes, controle de posi\u00e7\u00f5es em aberto, de estoque etc. Diretamente no MemoCash podemos ligar uma balan\u00e7a eletr\u00f4nica e um MemoTower \u2013 visor para clientes. Se conectarmos entre a [&hellip;]<\/p>\n","protected":false},"author":2,"featured_media":0,"parent":0,"menu_order":0,"comment_status":"closed","ping_status":"closed","template":"elementor_canvas","meta":{"_joinchat":[],"footnotes":""},"class_list":["post-861","page","type-page","status-publish","hentry"],"_links":{"self":[{"href":"https:\/\/bombasseiautomacao.com.br\/index.php\/wp-json\/wp\/v2\/pages\/861","targetHints":{"allow":["GET"]}}],"collection":[{"href":"https:\/\/bombasseiautomacao.com.br\/index.php\/wp-json\/wp\/v2\/pages"}],"about":[{"href":"https:\/\/bombasseiautomacao.com.br\/index.php\/wp-json\/wp\/v2\/types\/page"}],"author":[{"embeddable":true,"href":"https:\/\/bombasseiautomacao.com.br\/index.php\/wp-json\/wp\/v2\/users\/2"}],"replies":[{"embeddable":true,"href":"https:\/\/bombasseiautomacao.com.br\/index.php\/wp-json\/wp\/v2\/comments?post=861"}],"version-history":[{"count":4,"href":"https:\/\/bombasseiautomacao.com.br\/index.php\/wp-json\/wp\/v2\/pages\/861\/revisions"}],"predecessor-version":[{"id":873,"href":"https:\/\/bombasseiautomacao.com.br\/index.php\/wp-json\/wp\/v2\/pages\/861\/revisions\/873"}],"wp:attachment":[{"href":"https:\/\/bombasseiautomacao.com.br\/index.php\/wp-json\/wp\/v2\/media?parent=861"}],"curies":[{"name":"wp","href":"https:\/\/api.w.org\/{rel}","templated":true}]}}