{"id":8,"date":"2017-01-13T11:51:37","date_gmt":"2017-01-13T11:51:37","guid":{"rendered":"http:\/\/bombasseiautomacao.com.br\/?page_id=8"},"modified":"2024-06-03T14:00:38","modified_gmt":"2024-06-03T14:00:38","slug":"quem-somos","status":"publish","type":"page","link":"https:\/\/bombasseiautomacao.com.br\/index.php\/quem-somos\/","title":{"rendered":"Quem Somos"},"content":{"rendered":"\t\t<div data-elementor-type=\"wp-page\" data-elementor-id=\"8\" class=\"elementor elementor-8\">\n\t\t\t\t<div data-particle_enable=\"false\" data-particle-mobile-disabled=\"false\" class=\"elementor-element elementor-element-14e55c9 e-flex e-con-boxed wpr-particle-no wpr-jarallax-no wpr-parallax-no wpr-sticky-section-no e-con e-parent\" data-id=\"14e55c9\" data-element_type=\"container\" data-settings=\"{&quot;background_background&quot;:&quot;classic&quot;}\">\n\t\t\t\t\t<div class=\"e-con-inner\">\n\t\t\t\t<div class=\"elementor-element elementor-element-1a943b1 elementor-widget__width-initial elementor-widget-tablet__width-inherit elementor-widget elementor-widget-image\" data-id=\"1a943b1\" data-element_type=\"widget\" data-widget_type=\"image.default\">\n\t\t\t\t<div class=\"elementor-widget-container\">\n\t\t\t\t\t\t\t\t\t\t\t\t\t\t\t<img fetchpriority=\"high\" decoding=\"async\" width=\"500\" height=\"500\" src=\"https:\/\/bombasseiautomacao.com.br\/wp-content\/uploads\/2024\/05\/quem-somos1.png\" class=\"attachment-large size-large wp-image-279\" alt=\"\" srcset=\"https:\/\/bombasseiautomacao.com.br\/wp-content\/uploads\/2024\/05\/quem-somos1.png 500w, https:\/\/bombasseiautomacao.com.br\/wp-content\/uploads\/2024\/05\/quem-somos1-300x300.png 300w, https:\/\/bombasseiautomacao.com.br\/wp-content\/uploads\/2024\/05\/quem-somos1-150x150.png 150w\" sizes=\"(max-width: 500px) 100vw, 500px\" \/>\t\t\t\t\t\t\t\t\t\t\t\t\t\t\t<\/div>\n\t\t\t\t<\/div>\n\t\t<div data-particle_enable=\"false\" data-particle-mobile-disabled=\"false\" class=\"elementor-element elementor-element-41c0409 e-con-full e-flex wpr-particle-no wpr-jarallax-no wpr-parallax-no wpr-sticky-section-no e-con e-child\" data-id=\"41c0409\" data-element_type=\"container\">\n\t\t\t\t<div class=\"elementor-element elementor-element-8b094da elementor-widget elementor-widget-heading\" data-id=\"8b094da\" data-element_type=\"widget\" data-widget_type=\"heading.default\">\n\t\t\t\t<div class=\"elementor-widget-container\">\n\t\t\t\t\t<h2 class=\"elementor-heading-title elementor-size-default\">Quem Somos<\/h2>\t\t\t\t<\/div>\n\t\t\t\t<\/div>\n\t\t\t\t<div class=\"elementor-element elementor-element-c1f2641 elementor-widget__width-inherit elementor-widget-mobile__width-inherit elementor-widget elementor-widget-text-editor\" data-id=\"c1f2641\" data-element_type=\"widget\" data-widget_type=\"text-editor.default\">\n\t\t\t\t<div class=\"elementor-widget-container\">\n\t\t\t\t\t\t\t\t\t<p>A Bombassei Automa\u00e7\u00e3o \u00e9 uma empresa que atua no setor de<span style=\"color: #1f89b3;\"><strong> Automa\u00e7\u00e3o Comercial<\/strong> <\/span>desde 2002, prestando servi\u00e7os de manuten\u00e7\u00e3o e vendas de equipamentos de qualidade aos seus clientes.<\/p><p>Oferecemos a tecnologia necess\u00e1ria para que voc\u00ea ganhe mais agilidade, efici\u00eancia e seguran\u00e7a com a sua empresa.<\/p><p><span style=\"color: #1f89b3;\"><strong>Simplificamos e facilitamos<\/strong><\/span> o seu dia a dia do seu neg\u00f3cio, o que garante mais efic\u00e1cia e, claro, aumento de vendas e prospec\u00e7\u00e3o de clientes.<\/p>\t\t\t\t\t\t\t\t<\/div>\n\t\t\t\t<\/div>\n\t\t\t\t<div class=\"elementor-element elementor-element-eb37e94 elementor-mobile-align-center elementor-widget elementor-widget-button\" data-id=\"eb37e94\" data-element_type=\"widget\" data-widget_type=\"button.default\">\n\t\t\t\t<div class=\"elementor-widget-container\">\n\t\t\t\t\t\t\t\t\t<div class=\"elementor-button-wrapper\">\n\t\t\t\t\t<a class=\"elementor-button elementor-button-link elementor-size-sm\" href=\"#\">\n\t\t\t\t\t\t<span class=\"elementor-button-content-wrapper\">\n\t\t\t\t\t\t\t\t\t<span class=\"elementor-button-text\">Agende sua Visita<\/span>\n\t\t\t\t\t<\/span>\n\t\t\t\t\t<\/a>\n\t\t\t\t<\/div>\n\t\t\t\t\t\t\t\t<\/div>\n\t\t\t\t<\/div>\n\t\t\t\t<\/div>\n\t\t<div data-particle_enable=\"false\" data-particle-mobile-disabled=\"false\" class=\"elementor-element elementor-element-d615043 e-flex e-con-boxed wpr-particle-no wpr-jarallax-no wpr-parallax-no wpr-sticky-section-no e-con e-child\" data-id=\"d615043\" data-element_type=\"container\">\n\t\t\t\t\t<div class=\"e-con-inner\">\n\t\t\t\t<div class=\"elementor-element elementor-element-882dc19 elementor-position-left elementor-vertical-align-middle elementor-widget__width-initial elementor-widget-mobile__width-inherit elementor-view-default elementor-mobile-position-top elementor-widget elementor-widget-icon-box\" data-id=\"882dc19\" data-element_type=\"widget\" data-widget_type=\"icon-box.default\">\n\t\t\t\t<div class=\"elementor-widget-container\">\n\t\t\t\t\t\t\t<div class=\"elementor-icon-box-wrapper\">\n\n\t\t\t\t\t\t<div class=\"elementor-icon-box-icon\">\n\t\t\t\t<span  class=\"elementor-icon\">\n\t\t\t\t<svg xmlns=\"http:\/\/www.w3.org\/2000\/svg\" xmlns:xlink=\"http:\/\/www.w3.org\/1999\/xlink\" fill=\"#1F89B3\" height=\"800px\" width=\"800px\" id=\"Artwork\" viewBox=\"0 0 512 512\" xml:space=\"preserve\"><g id=\"SVGRepo_bgCarrier\" stroke-width=\"0\"><\/g><g id=\"SVGRepo_tracerCarrier\" stroke-linecap=\"round\" stroke-linejoin=\"round\"><\/g><g id=\"SVGRepo_iconCarrier\"> <g> <path d=\"M363.4,384.5c33,0,59.9-26.9,59.9-59.9c0-33-26.9-59.9-59.9-59.9c-33,0-59.9,26.9-59.9,59.9 C303.5,357.6,330.4,384.5,363.4,384.5z M363.4,289.1c19.5,0,35.4,15.9,35.4,35.4c0,19.5-15.9,35.4-35.4,35.4S328,344.1,328,324.5 C328,305,343.9,289.1,363.4,289.1z\"><\/path> <path d=\"M247.2,292.9c-11.3,0-20.5,9.2-20.5,20.5v22.4c0,11.3,9.2,20.5,20.5,20.5h9c2.2,7.6,5.2,14.9,9,21.8l-6.4,6.4 c-3.9,3.9-6,9-6,14.5c0,5.5,2.1,10.6,6,14.5l15.8,15.8c3.9,3.9,9,6,14.5,6c5.5,0,10.6-2.1,14.5-6l6.4-6.4c6.9,3.8,14.2,6.8,21.8,9 v9c0,11.3,9.2,20.5,20.5,20.5h22.4c11.3,0,20.5-9.2,20.5-20.5v-9c7.6-2.2,14.9-5.2,21.8-9l6.4,6.4c3.9,3.9,9,6,14.5,6 c5.5,0,10.6-2.1,14.5-6l15.8-15.8c8-8,8-21,0-28.9l-6.4-6.4c3.8-6.9,6.8-14.2,9-21.8h9c11.3,0,20.5-9.2,20.5-20.5v-22.4 c0-11.3-9.2-20.5-20.5-20.5h-9c-2.2-7.6-5.2-14.9-9-21.8l6.4-6.4c3.9-3.9,6-9,6-14.5s-2.1-10.6-6-14.5L452.2,220 c-3.9-3.9-9-6-14.5-6c-5.5,0-10.6,2.1-14.5,6l-6.4,6.4c-6.9-3.8-14.2-6.8-21.8-9v-9c0-11.3-9.2-20.5-20.5-20.5h-22.4 c-11.3,0-20.5,9.2-20.5,20.5v9c-7.6,2.2-14.9,5.2-21.8,9l-6.4-6.4c-3.9-3.9-9-6-14.5-6c-5.5,0-10.6,2.1-14.5,6l-15.8,15.8 c-3.9,3.9-6,9-6,14.5s2.1,10.6,6,14.5l6.4,6.4c-3.8,6.9-6.8,14.2-9,21.8H247.2z M265.8,317.4c5.8,0,10.9-4.1,12-9.9 c2.2-11.3,6.6-21.9,13-31.5c3.3-4.9,2.6-11.3-1.5-15.5l-10.3-10.3l10.1-10.1l10.3,10.3c4.1,4.1,10.6,4.8,15.5,1.5 c9.6-6.4,20.2-10.8,31.5-13c5.7-1.1,9.9-6.2,9.9-12v-14.6h14.3v14.6c0,5.9,4.1,10.9,9.9,12c11.3,2.2,21.9,6.6,31.5,13 c4.9,3.3,11.3,2.6,15.5-1.5l10.3-10.3l10.1,10.1l-10.3,10.3c-4.1,4.1-4.8,10.6-1.5,15.5c6.4,9.6,10.8,20.2,13,31.5 c1.1,5.7,6.2,9.9,12,9.9h14.6v14.3h-14.6c-5.8,0-10.9,4.1-12,9.9c-2.2,11.3-6.6,21.9-13,31.5c-3.3,4.9-2.6,11.3,1.5,15.5l10.3,10.3 l-10.1,10.1l-10.3-10.3c-4.1-4.1-10.6-4.8-15.5-1.5c-9.6,6.4-20.2,10.8-31.5,13.1c-5.7,1.1-9.9,6.2-9.9,12v14.6h-14.3v-14.6 c0-5.9-4.1-10.9-9.9-12c-11.3-2.2-21.9-6.6-31.5-13.1c-4.9-3.2-11.3-2.6-15.5,1.5l-10.3,10.3l-10.1-10.1l10.3-10.3 c4.1-4.1,4.8-10.6,1.5-15.5c-6.4-9.6-10.8-20.2-13-31.5c-1.1-5.7-6.2-9.9-12-9.9h-14.6v-14.3H265.8z\"><\/path> <path d=\"M11.9,83.7v269.8c0,18.2,14.8,32.9,32.9,32.9h173.8c6.8,0,12.3-5.5,12.3-12.3c0-6.8-5.5-12.3-12.3-12.3H44.8 c-4.6,0-8.4-3.8-8.4-8.4V153.1h364.5v24c0,6.8,5.5,12.3,12.3,12.3s12.3-5.5,12.3-12.3V83.7c0-18.2-14.8-32.9-32.9-32.9H44.8 C26.6,50.8,11.9,65.5,11.9,83.7z M400.9,83.7v44.9H36.4V83.7c0-4.6,3.8-8.4,8.4-8.4h347.6C397.1,75.3,400.9,79,400.9,83.7z\"><\/path> <path d=\"M63,114.1c3.2,0,6.4-1.3,8.7-3.6c2.3-2.3,3.6-5.4,3.6-8.7c0-3.2-1.3-6.4-3.6-8.7c-4.6-4.5-12.8-4.5-17.3,0.1 c-2.3,2.3-3.6,5.4-3.6,8.6c0,3.2,1.3,6.4,3.6,8.7C56.6,112.9,59.8,114.1,63,114.1z\"><\/path> <path d=\"M101.9,114.1c3.2,0,6.4-1.3,8.6-3.6c2.3-2.3,3.6-5.4,3.6-8.7c0-3.2-1.3-6.4-3.6-8.7c-4.6-4.5-12.8-4.5-17.3,0.1 c-2.3,2.3-3.6,5.4-3.6,8.6c0,3.2,1.3,6.4,3.6,8.7C95.5,112.9,98.7,114.1,101.9,114.1z\"><\/path> <path d=\"M140.8,114.1c3.2,0,6.4-1.3,8.7-3.6c2.3-2.3,3.6-5.4,3.6-8.7c0-3.2-1.3-6.4-3.6-8.6c-4.6-4.6-12.8-4.6-17.3,0 c-2.3,2.3-3.6,5.4-3.6,8.6c0,3.2,1.3,6.4,3.6,8.7C134.4,112.9,137.6,114.1,140.8,114.1z\"><\/path> <\/g> <\/g><\/svg>\t\t\t\t<\/span>\n\t\t\t<\/div>\n\t\t\t\n\t\t\t\t\t\t<div class=\"elementor-icon-box-content\">\n\n\t\t\t\t\t\t\t\t\t<h3 class=\"elementor-icon-box-title\">\n\t\t\t\t\t\t<span  >\n\t\t\t\t\t\t\tTecnologia\t\t\t\t\t\t<\/span>\n\t\t\t\t\t<\/h3>\n\t\t\t\t\n\t\t\t\t\t\t\t\t\t<p class=\"elementor-icon-box-description\">\n\t\t\t\t\t\tTrabalhamos com o que h\u00e1 de mais moderno em solu\u00e7\u00f5es para a linha de automa\u00e7\u00e3o, que aliam tecnologia, modernidade, praticidade e design.<br>\u3164\t\t\t\t\t<\/p>\n\t\t\t\t\n\t\t\t<\/div>\n\t\t\t\n\t\t<\/div>\n\t\t\t\t\t\t<\/div>\n\t\t\t\t<\/div>\n\t\t\t\t<div class=\"elementor-element elementor-element-72863e5 elementor-position-left elementor-vertical-align-middle elementor-widget__width-initial elementor-widget-mobile__width-inherit elementor-view-default elementor-mobile-position-top elementor-widget elementor-widget-icon-box\" data-id=\"72863e5\" data-element_type=\"widget\" data-widget_type=\"icon-box.default\">\n\t\t\t\t<div class=\"elementor-widget-container\">\n\t\t\t\t\t\t\t<div class=\"elementor-icon-box-wrapper\">\n\n\t\t\t\t\t\t<div class=\"elementor-icon-box-icon\">\n\t\t\t\t<span  class=\"elementor-icon\">\n\t\t\t\t<svg xmlns=\"http:\/\/www.w3.org\/2000\/svg\" width=\"800px\" height=\"800px\" viewBox=\"0 0 50 50\" data-name=\"Layer 1\" id=\"Layer_1\" fill=\"#000000\"><g id=\"SVGRepo_bgCarrier\" stroke-width=\"0\"><\/g><g id=\"SVGRepo_tracerCarrier\" stroke-linecap=\"round\" stroke-linejoin=\"round\"><\/g><g id=\"SVGRepo_iconCarrier\"><defs><style>.cls-1{fill:#231f20;}.cls-2{fill:#1F89B3;}.cls-3{fill:#1F89B3;}.cls-4{fill:#1F89B3;}.cls-5{fill:#1F89B3;}<\/style><\/defs><title><\/title><circle class=\"cls-1\" cx=\"25.784\" cy=\"38.411\" r=\"0.502\"><\/circle><path class=\"cls-1\" d=\"M28.325,37.909a.5.5,0,1,0,.5.5A.5.5,0,0,0,28.325,37.909Z\"><\/path><circle class=\"cls-1\" cx=\"30.819\" cy=\"38.411\" r=\"0.502\"><\/circle><path class=\"cls-1\" d=\"M20.382,34.892a3.513,3.513,0,0,0-1.736.463v-3.5a.5.5,0,0,0-.5-.5H13.625a.5.5,0,0,0-.339.867,2.51,2.51,0,0,1,.825,1.861,2.538,2.538,0,0,1-5.076,0,2.51,2.51,0,0,1,.825-1.861.5.5,0,0,0-.339-.867H5a.5.5,0,0,0-.5.5V43A2.5,2.5,0,0,0,7,45.5H18.146a.5.5,0,0,0,.5-.5v-3.5a3.535,3.535,0,1,0,1.736-6.613Z\"><\/path><path class=\"cls-2\" d=\"M20.382,40.968a2.505,2.505,0,0,1-1.866-.833.506.506,0,0,0-.55-.129.5.5,0,0,0-.32.466V44.5H7A1.5,1.5,0,0,1,5.5,43V32.357H8.489a3.472,3.472,0,0,0-.454,1.728,3.538,3.538,0,0,0,7.076,0,3.472,3.472,0,0,0-.454-1.728h2.989v4.03a.5.5,0,0,0,.32.467.506.506,0,0,0,.55-.129,2.505,2.505,0,0,1,1.866-.833,2.538,2.538,0,1,1,0,5.076Z\"><\/path><path class=\"cls-1\" d=\"M45,31.357H41.506a3.476,3.476,0,0,0,.459-1.736,3.538,3.538,0,0,0-7.076,0,3.476,3.476,0,0,0,.459,1.736H31.854a.5.5,0,0,0-.5.5v4.521a.5.5,0,0,0,.867.339,2.509,2.509,0,0,1,1.86-.825,2.538,2.538,0,1,1,0,5.076,2.509,2.509,0,0,1-1.86-.825.5.5,0,0,0-.867.339V45a.5.5,0,0,0,.5.5H43A2.5,2.5,0,0,0,45.5,43V31.857A.5.5,0,0,0,45,31.357Z\"><\/path><path class=\"cls-3\" d=\"M44.5,43A1.5,1.5,0,0,1,43,44.5H32.354v-2.99a3.472,3.472,0,0,0,1.727.455,3.538,3.538,0,1,0,0-7.076,3.482,3.482,0,0,0-1.727.454V32.357h4.03a.5.5,0,0,0,.338-.869,2.507,2.507,0,0,1-.833-1.867,2.538,2.538,0,0,1,5.076,0,2.507,2.507,0,0,1-.833,1.867.5.5,0,0,0,.337.869H44.5Z\"><\/path><path class=\"cls-1\" d=\"M28.909,23.752a3.647,3.647,0,0,1,1.046-2.406,6.815,6.815,0,0,0-.618-9.949,6.856,6.856,0,0,0-5.7-1.423,6.819,6.819,0,0,0-3.592,11.37,3.658,3.658,0,0,1,1.048,2.408,1.256,1.256,0,0,0-1.111,1.237v.929a1.272,1.272,0,0,0,1.27,1.27h.1a3.668,3.668,0,0,0,7.308,0h.1a1.272,1.272,0,0,0,1.27-1.27v-.929A1.256,1.256,0,0,0,28.909,23.752Z\"><\/path><path class=\"cls-4\" d=\"M19.27,15.611a5.776,5.776,0,0,1,4.556-4.656A5.873,5.873,0,0,1,28.7,12.168a5.815,5.815,0,0,1,.528,8.49,4.641,4.641,0,0,0-1.317,3.061H26.868V19.39h.363A1.367,1.367,0,0,0,28.6,18.026V17.9a1.364,1.364,0,1,0-2.728,0v.491H24.132V17.9a1.364,1.364,0,1,0-2.728,0v.127a1.367,1.367,0,0,0,1.365,1.364h.363v4.329H22.088a4.65,4.65,0,0,0-1.318-3.063A5.806,5.806,0,0,1,19.27,15.611Z\"><\/path><path class=\"cls-4\" d=\"M23.132,18.39h-.363a.364.364,0,0,1-.365-.364V17.9a.364.364,0,1,1,.728,0Z\"><\/path><rect class=\"cls-4\" height=\"4.33\" width=\"1.736\" x=\"24.132\" y=\"19.39\"><\/rect><path class=\"cls-4\" d=\"M26.868,18.39V17.9a.364.364,0,1,1,.728,0v.127a.364.364,0,0,1-.365.364Z\"><\/path><path class=\"cls-5\" d=\"M25,29.537a2.683,2.683,0,0,1-2.654-2.349h5.308A2.683,2.683,0,0,1,25,29.537Z\"><\/path><rect class=\"cls-5\" height=\"1.468\" rx=\"0.27\" width=\"8.039\" x=\"20.98\" y=\"24.719\"><\/rect><path class=\"cls-1\" d=\"M25,9.021a.5.5,0,0,0,.5-.5V5a.5.5,0,0,0-1,0V8.521A.5.5,0,0,0,25,9.021Z\"><\/path><path class=\"cls-1\" d=\"M33.011,17.032a.5.5,0,0,0,.5.5h3.524a.5.5,0,0,0,0-1H33.511A.5.5,0,0,0,33.011,17.032Z\"><\/path><path class=\"cls-1\" d=\"M12.965,17.532h3.524a.5.5,0,0,0,0-1H12.965a.5.5,0,0,0,0,1Z\"><\/path><path class=\"cls-1\" d=\"M20.312,9.911a.5.5,0,0,0,.682.183.5.5,0,0,0,.183-.683L19.415,6.359a.5.5,0,1,0-.865.5Z\"><\/path><path class=\"cls-1\" d=\"M32.371,13.277a.5.5,0,0,0,.25-.067l3.052-1.762a.5.5,0,0,0-.5-.867l-3.052,1.763a.5.5,0,0,0,.25.933Z\"><\/path><path class=\"cls-1\" d=\"M17.379,20.854l-3.052,1.762a.5.5,0,1,0,.5.867l3.052-1.763a.5.5,0,1,0-.5-.866Z\"><\/path><path class=\"cls-1\" d=\"M14.327,11.448l3.052,1.762a.5.5,0,1,0,.5-.866l-3.052-1.763a.5.5,0,0,0-.5.867Z\"><\/path><path class=\"cls-1\" d=\"M32.121,21.72l3.052,1.763a.5.5,0,0,0,.25.067.5.5,0,0,0,.25-.934l-3.052-1.762a.5.5,0,1,0-.5.866Z\"><\/path><path class=\"cls-1\" d=\"M29.006,10.094a.5.5,0,0,0,.682-.183L31.45,6.859a.5.5,0,1,0-.865-.5L28.823,9.411A.5.5,0,0,0,29.006,10.094Z\"><\/path><\/g><\/svg>\t\t\t\t<\/span>\n\t\t\t<\/div>\n\t\t\t\n\t\t\t\t\t\t<div class=\"elementor-icon-box-content\">\n\n\t\t\t\t\t\t\t\t\t<h3 class=\"elementor-icon-box-title\">\n\t\t\t\t\t\t<span  >\n\t\t\t\t\t\t\tSolu\u00e7\u00f5es\t\t\t\t\t\t<\/span>\n\t\t\t\t\t<\/h3>\n\t\t\t\t\n\t\t\t\t\t\t\t\t\t<p class=\"elementor-icon-box-description\">\n\t\t\t\t\t\tContamos com um mix completo de produtos para atender as mais diversas demandas de mercado, seja para micro, pequenas, m\u00e9dias ou grandes empresas.\t\t\t\t\t<\/p>\n\t\t\t\t\n\t\t\t<\/div>\n\t\t\t\n\t\t<\/div>\n\t\t\t\t\t\t<\/div>\n\t\t\t\t<\/div>\n\t\t\t\t<div class=\"elementor-element elementor-element-abe4c8a elementor-position-left elementor-vertical-align-middle elementor-widget__width-initial elementor-widget-mobile__width-inherit elementor-view-default elementor-mobile-position-top elementor-widget elementor-widget-icon-box\" data-id=\"abe4c8a\" data-element_type=\"widget\" data-widget_type=\"icon-box.default\">\n\t\t\t\t<div class=\"elementor-widget-container\">\n\t\t\t\t\t\t\t<div class=\"elementor-icon-box-wrapper\">\n\n\t\t\t\t\t\t<div class=\"elementor-icon-box-icon\">\n\t\t\t\t<span  class=\"elementor-icon\">\n\t\t\t\t<svg xmlns=\"http:\/\/www.w3.org\/2000\/svg\" fill=\"#1F89B3\" width=\"800px\" height=\"800px\" viewBox=\"0 0 256 256\" id=\"Flat\"><g id=\"SVGRepo_bgCarrier\" stroke-width=\"0\"><\/g><g id=\"SVGRepo_tracerCarrier\" stroke-linecap=\"round\" stroke-linejoin=\"round\"><\/g><g id=\"SVGRepo_iconCarrier\"><g opacity=\"0.2\"><circle cx=\"196.00244\" cy=\"188\" r=\"28\"><\/circle><\/g><g opacity=\"0.2\"><circle cx=\"60\" cy=\"68\" r=\"28\"><\/circle><\/g><g><path d=\"M204.00244,152.907l-.00146-33.0271a55.63733,55.63733,0,0,0-16.40137-39.59472L163.31445,56H184a8,8,0,0,0,0-16H144c-.05957,0-.11768.00757-.17676.00891-.20264.00452-.40527.01087-.60742.03064-.13818.01343-.27246.03857-.4082.059-.12256.01831-.24512.03186-.3667.05591-.145.02869-.28565.06811-.42823.10461-.11035.0282-.22167.05213-.33105.08521-.13574.041-.2666.09155-.39941.1394-.11426.04126-.2295.07862-.3418.12525-.11963.04956-.23438.10766-.35108.16284-.1206.05688-.24218.11059-.36083.17383-.10645.05688-.207.12182-.31055.18359-.12158.072-.24414.14087-.36231.22-.10644.071-.20556.15051-.3081.22644-.10742.07971-.21729.15466-.32178.24048-.14453.119-.28076.24792-.417.37671-.05469.05151-.11279.09668-.166.15-.05664.0564-.10449.11792-.15869.17554-.12549.13281-.251.26538-.36719.40649-.0913.11072-.17138.22718-.25537.34156-.07031.0957-.14453.188-.21093.28686-.085.12659-.15918.25782-.23584.38806-.05567.09436-.11524.18616-.167.28309-.06933.12915-.12841.26184-.18994.39379-.04931.10547-.10205.20874-.147.31665-.05225.12647-.09522.25562-.14063.38428-.042.11817-.0874.2345-.124.35523-.03906.1289-.06787.25976-.10059.39013-.03076.123-.06542.24414-.09033.36939-.02978.15137-.04834.30444-.06933.457-.01465.106-.03516.21-.0459.31714q-.03956.39769-.04.79712V88a8,8,0,0,0,16,0V67.31445l24.28516,24.28516A39.73582,39.73582,0,0,1,188.001,119.88086l.00146,33.02637a35.99994,35.99994,0,1,0,16-.00025ZM196.00293,208a20,20,0,1,1,20-20A20.02229,20.02229,0,0,1,196.00293,208Z\"><\/path><path d=\"M118.44141,212.73364c.07031-.0957.14453-.188.21093-.28686.085-.12659.15918-.25782.23584-.38806.05567-.09436.11524-.18616.167-.28309.06933-.12915.12841-.26184.18994-.39379.04931-.10547.10205-.20874.147-.31665.05225-.12647.09521-.25562.14062-.38428.042-.11817.08741-.2345.124-.35523.03906-.1289.06787-.25976.10058-.39013.03077-.12305.06543-.24414.09034-.36939.02978-.15137.04834-.30444.06933-.457.01465-.106.03516-.21.0459-.31714q.03955-.39769.04-.79712V168a8,8,0,0,0-16,0v20.68555L79.71777,164.40039a39.731,39.731,0,0,1-11.71582-28.28125l-.00146-33.02637a35.99994,35.99994,0,1,0-16,.00025l.00146,33.02612a55.63313,55.63313,0,0,0,16.40137,39.5957L92.68848,200H72.00293a8,8,0,1,0,0,16h40c.26367,0,.52734-.014.78955-.03992.11816-.01159.23242-.03369.34912-.05041.1416-.02027.28418-.03687.42481-.0647.13281-.02637.26123-.06274.3916-.0957.123-.03076.24658-.05786.36816-.09473.12647-.03833.24854-.08569.37207-.13.12305-.04395.24658-.0846.36768-.13465.11328-.047.22168-.10217.332-.15405.127-.05957.25439-.116.37842-.18237.10205-.05481.19922-.11731.29834-.17627.12548-.07422.25146-.14527.37353-.22681.10352-.06946.20069-.14722.30078-.22119.10987-.0813.22168-.158.32813-.24561.144-.11792.27881-.246.41406-.37353.05518-.05249.11475-.09851.169-.15283.05664-.0564.10449-.11792.15869-.17554.12549-.13281.251-.26538.36718-.40649C118.27734,212.96448,118.35742,212.848,118.44141,212.73364ZM40,68A20,20,0,1,1,60,88,20.02229,20.02229,0,0,1,40,68Z\"><\/path><\/g><\/g><\/svg>\t\t\t\t<\/span>\n\t\t\t<\/div>\n\t\t\t\n\t\t\t\t\t\t<div class=\"elementor-icon-box-content\">\n\n\t\t\t\t\t\t\t\t\t<h3 class=\"elementor-icon-box-title\">\n\t\t\t\t\t\t<span  >\n\t\t\t\t\t\t\tDiferencial\t\t\t\t\t\t<\/span>\n\t\t\t\t\t<\/h3>\n\t\t\t\t\n\t\t\t\t\t\t\t\t\t<p class=\"elementor-icon-box-description\">\n\t\t\t\t\t\t-Produtos certificados e com a garantia dos maiores fabricantes do Brasil.\n<br><br>\n-Atendimento Personalizado.\n<br>\u3164\t\t\t\t\t<\/p>\n\t\t\t\t\n\t\t\t<\/div>\n\t\t\t\n\t\t<\/div>\n\t\t\t\t\t\t<\/div>\n\t\t\t\t<\/div>\n\t\t\t\t\t<\/div>\n\t\t\t\t<\/div>\n\t\t\t\t\t<\/div>\n\t\t\t\t<\/div>\n\t\t\t\t<\/div>\n\t\t","protected":false},"excerpt":{"rendered":"<p>Quem Somos A Bombassei Automa\u00e7\u00e3o \u00e9 uma empresa que atua no setor de Automa\u00e7\u00e3o Comercial desde 2002, prestando servi\u00e7os de manuten\u00e7\u00e3o e vendas de equipamentos de qualidade aos seus clientes. Oferecemos a tecnologia necess\u00e1ria para que voc\u00ea ganhe mais agilidade, efici\u00eancia e seguran\u00e7a com a sua empresa. Simplificamos e facilitamos o seu dia a dia [&hellip;]<\/p>\n","protected":false},"author":1,"featured_media":0,"parent":0,"menu_order":0,"comment_status":"closed","ping_status":"closed","template":"elementor_canvas","meta":{"_joinchat":[],"footnotes":""},"class_list":["post-8","page","type-page","status-publish","hentry"],"_links":{"self":[{"href":"https:\/\/bombasseiautomacao.com.br\/index.php\/wp-json\/wp\/v2\/pages\/8","targetHints":{"allow":["GET"]}}],"collection":[{"href":"https:\/\/bombasseiautomacao.com.br\/index.php\/wp-json\/wp\/v2\/pages"}],"about":[{"href":"https:\/\/bombasseiautomacao.com.br\/index.php\/wp-json\/wp\/v2\/types\/page"}],"author":[{"embeddable":true,"href":"https:\/\/bombasseiautomacao.com.br\/index.php\/wp-json\/wp\/v2\/users\/1"}],"replies":[{"embeddable":true,"href":"https:\/\/bombasseiautomacao.com.br\/index.php\/wp-json\/wp\/v2\/comments?post=8"}],"version-history":[{"count":11,"href":"https:\/\/bombasseiautomacao.com.br\/index.php\/wp-json\/wp\/v2\/pages\/8\/revisions"}],"predecessor-version":[{"id":394,"href":"https:\/\/bombasseiautomacao.com.br\/index.php\/wp-json\/wp\/v2\/pages\/8\/revisions\/394"}],"wp:attachment":[{"href":"https:\/\/bombasseiautomacao.com.br\/index.php\/wp-json\/wp\/v2\/media?parent=8"}],"curies":[{"name":"wp","href":"https:\/\/api.w.org\/{rel}","templated":true}]}}