{"id":412,"date":"2024-06-03T15:42:08","date_gmt":"2024-06-03T15:42:08","guid":{"rendered":"https:\/\/ligadonanet.com.br\/bombasseiautomacao\/?page_id=412"},"modified":"2025-04-01T20:25:13","modified_gmt":"2025-04-01T20:25:13","slug":"produtos","status":"publish","type":"page","link":"https:\/\/bombasseiautomacao.com.br\/index.php\/produtos\/","title":{"rendered":"Produtos"},"content":{"rendered":"\t\t<div data-elementor-type=\"wp-page\" data-elementor-id=\"412\" class=\"elementor elementor-412\">\n\t\t\t\t<div data-particle_enable=\"false\" data-particle-mobile-disabled=\"false\" class=\"elementor-element elementor-element-a202803 e-flex e-con-boxed wpr-particle-no wpr-jarallax-no wpr-parallax-no wpr-sticky-section-no e-con e-parent\" data-id=\"a202803\" data-element_type=\"container\" data-settings=\"{&quot;background_background&quot;:&quot;classic&quot;}\">\n\t\t\t\t\t<div class=\"e-con-inner\">\n\t\t\t\t<div class=\"elementor-element elementor-element-416483a elementor-widget__width-inherit elementor-widget elementor-widget-heading\" data-id=\"416483a\" data-element_type=\"widget\" data-widget_type=\"heading.default\">\n\t\t\t\t<div class=\"elementor-widget-container\">\n\t\t\t\t\t<h2 class=\"elementor-heading-title elementor-size-default\">Nossos produtos<\/h2>\t\t\t\t<\/div>\n\t\t\t\t<\/div>\n\t\t\t\t<div class=\"elementor-element elementor-element-43aa377 elementor-widget__width-initial elementor-position-left elementor-vertical-align-middle elementor-widget elementor-widget-image-box\" data-id=\"43aa377\" data-element_type=\"widget\" data-widget_type=\"image-box.default\">\n\t\t\t\t<div class=\"elementor-widget-container\">\n\t\t\t\t\t<div class=\"elementor-image-box-wrapper\"><figure class=\"elementor-image-box-img\"><a href=\"https:\/\/bombasseiautomacao.com.br\/index.php\/infce-cupom-fiscal\/\" tabindex=\"-1\"><img fetchpriority=\"high\" decoding=\"async\" width=\"450\" height=\"400\" src=\"https:\/\/bombasseiautomacao.com.br\/wp-content\/uploads\/2025\/04\/iNFCe-Cupom-Fiscal.png\" class=\"elementor-animation-grow attachment-full size-full wp-image-1044\" alt=\"\" srcset=\"https:\/\/bombasseiautomacao.com.br\/wp-content\/uploads\/2025\/04\/iNFCe-Cupom-Fiscal.png 450w, https:\/\/bombasseiautomacao.com.br\/wp-content\/uploads\/2025\/04\/iNFCe-Cupom-Fiscal-300x267.png 300w\" sizes=\"(max-width: 450px) 100vw, 450px\" \/><\/a><\/figure><div class=\"elementor-image-box-content\"><h3 class=\"elementor-image-box-title\"><a href=\"https:\/\/bombasseiautomacao.com.br\/index.php\/infce-cupom-fiscal\/\">iNFCe <br>Cupom Fiscal<\/a><\/h3><p class=\"elementor-image-box-description\">\u00c9 um Teclado Inteligente, completo, super compacto n\u00e3o ocupa espa\u00e7o, n\u00e3o necessita de ambiente especial para operar como os computadores, suporta boa varia\u00e7\u00e3o de tens\u00e3o e temperatura.<\/p><\/div><\/div>\t\t\t\t<\/div>\n\t\t\t\t<\/div>\n\t\t\t\t<div class=\"elementor-element elementor-element-512d796 elementor-widget__width-initial elementor-position-left elementor-vertical-align-middle elementor-widget elementor-widget-image-box\" data-id=\"512d796\" data-element_type=\"widget\" data-widget_type=\"image-box.default\">\n\t\t\t\t<div class=\"elementor-widget-container\">\n\t\t\t\t\t<div class=\"elementor-image-box-wrapper\"><figure class=\"elementor-image-box-img\"><a href=\"https:\/\/bombasseiautomacao.com.br\/index.php\/iloja-nao-fiscal\/\" tabindex=\"-1\"><img decoding=\"async\" width=\"600\" height=\"600\" src=\"https:\/\/bombasseiautomacao.com.br\/wp-content\/uploads\/2024\/05\/iLoja-Nao-Fiscal-H.png\" class=\"elementor-animation-grow attachment-full size-full wp-image-332\" alt=\"\" srcset=\"https:\/\/bombasseiautomacao.com.br\/wp-content\/uploads\/2024\/05\/iLoja-Nao-Fiscal-H.png 600w, https:\/\/bombasseiautomacao.com.br\/wp-content\/uploads\/2024\/05\/iLoja-Nao-Fiscal-H-300x300.png 300w, https:\/\/bombasseiautomacao.com.br\/wp-content\/uploads\/2024\/05\/iLoja-Nao-Fiscal-H-150x150.png 150w\" sizes=\"(max-width: 600px) 100vw, 600px\" \/><\/a><\/figure><div class=\"elementor-image-box-content\"><h3 class=\"elementor-image-box-title\"><a href=\"https:\/\/bombasseiautomacao.com.br\/index.php\/iloja-nao-fiscal\/\">iLoja <br> N\u00e3o Fiscal<\/a><\/h3><p class=\"elementor-image-box-description\">\u00c9 um teclado inteligente, compacto e sem mensalidade, que oferece completa gest\u00e3o de neg\u00f3cios, f\u00e1cil opera\u00e7\u00e3o e seguran\u00e7a, com possibilidade de atualiza\u00e7\u00e3o para vers\u00e3o fiscal.\n<br>\u3164<br>\u3164<\/p><\/div><\/div>\t\t\t\t<\/div>\n\t\t\t\t<\/div>\n\t\t\t\t<div class=\"elementor-element elementor-element-2836607 elementor-widget__width-initial elementor-position-left elementor-vertical-align-middle elementor-widget elementor-widget-image-box\" data-id=\"2836607\" data-element_type=\"widget\" data-widget_type=\"image-box.default\">\n\t\t\t\t<div class=\"elementor-widget-container\">\n\t\t\t\t\t<div class=\"elementor-image-box-wrapper\"><figure class=\"elementor-image-box-img\"><a href=\"https:\/\/bombasseiautomacao.com.br\/index.php\/irest-nao-fiscal-para-restaurantes-e-similares\/\" tabindex=\"-1\"><img decoding=\"async\" width=\"400\" height=\"192\" src=\"https:\/\/bombasseiautomacao.com.br\/wp-content\/uploads\/2024\/05\/irestnf.png\" class=\"elementor-animation-grow attachment-full size-full wp-image-336\" alt=\"\" srcset=\"https:\/\/bombasseiautomacao.com.br\/wp-content\/uploads\/2024\/05\/irestnf.png 400w, https:\/\/bombasseiautomacao.com.br\/wp-content\/uploads\/2024\/05\/irestnf-300x144.png 300w\" sizes=\"(max-width: 400px) 100vw, 400px\" \/><\/a><\/figure><div class=\"elementor-image-box-content\"><h3 class=\"elementor-image-box-title\"><a href=\"https:\/\/bombasseiautomacao.com.br\/index.php\/irest-nao-fiscal-para-restaurantes-e-similares\/\">iRest <br>N\u00e3o Fiscal<\/a><\/h3><p class=\"elementor-image-box-description\">\u00c9 um teclado inteligente, compacto e sem mensalidade, ideal para restaurantes, oferecendo completa gest\u00e3o de neg\u00f3cios, f\u00e1cil opera\u00e7\u00e3o e seguran\u00e7a, sem complica\u00e7\u00f5es de computadores.<\/p><\/div><\/div>\t\t\t\t<\/div>\n\t\t\t\t<\/div>\n\t\t\t\t<div class=\"elementor-element elementor-element-7c84ee8 elementor-widget__width-initial elementor-position-left elementor-vertical-align-middle elementor-widget elementor-widget-image-box\" data-id=\"7c84ee8\" data-element_type=\"widget\" data-widget_type=\"image-box.default\">\n\t\t\t\t<div class=\"elementor-widget-container\">\n\t\t\t\t\t<div class=\"elementor-image-box-wrapper\"><figure class=\"elementor-image-box-img\"><a href=\"https:\/\/bombasseiautomacao.com.br\/index.php\/iest-estacionamentos\/\" tabindex=\"-1\"><img loading=\"lazy\" decoding=\"async\" width=\"600\" height=\"600\" src=\"https:\/\/bombasseiautomacao.com.br\/wp-content\/uploads\/2024\/05\/iEst-Estacionamentos.png\" class=\"elementor-animation-grow attachment-full size-full wp-image-318\" alt=\"\" srcset=\"https:\/\/bombasseiautomacao.com.br\/wp-content\/uploads\/2024\/05\/iEst-Estacionamentos.png 600w, https:\/\/bombasseiautomacao.com.br\/wp-content\/uploads\/2024\/05\/iEst-Estacionamentos-300x300.png 300w, https:\/\/bombasseiautomacao.com.br\/wp-content\/uploads\/2024\/05\/iEst-Estacionamentos-150x150.png 150w\" sizes=\"(max-width: 600px) 100vw, 600px\" \/><\/a><\/figure><div class=\"elementor-image-box-content\"><h3 class=\"elementor-image-box-title\"><a href=\"https:\/\/bombasseiautomacao.com.br\/index.php\/iest-estacionamentos\/\">iEst Estacionamentos<\/a><\/h3><p class=\"elementor-image-box-description\">\u00c9 um teclado inteligente, compacto e sem mensalidade, ideal para gest\u00e3o de estacionamentos, f\u00e1cil de operar, seguro, e pronto para atualiza\u00e7\u00e3o fiscal futura.\n<br>\u3164<\/p><\/div><\/div>\t\t\t\t<\/div>\n\t\t\t\t<\/div>\n\t\t\t\t<div class=\"elementor-element elementor-element-f7f6c97 elementor-widget__width-initial elementor-position-left elementor-vertical-align-middle elementor-widget elementor-widget-image-box\" data-id=\"f7f6c97\" data-element_type=\"widget\" data-widget_type=\"image-box.default\">\n\t\t\t\t<div class=\"elementor-widget-container\">\n\t\t\t\t\t<div class=\"elementor-image-box-wrapper\"><figure class=\"elementor-image-box-img\"><a href=\"https:\/\/bombasseiautomacao.com.br\/index.php\/ismartx3e-estacionamentos\/\" tabindex=\"-1\"><img loading=\"lazy\" decoding=\"async\" width=\"600\" height=\"600\" src=\"https:\/\/bombasseiautomacao.com.br\/wp-content\/uploads\/2024\/05\/iSmartX3E-Estacionamentos.png\" class=\"elementor-animation-grow attachment-full size-full wp-image-323\" alt=\"\" srcset=\"https:\/\/bombasseiautomacao.com.br\/wp-content\/uploads\/2024\/05\/iSmartX3E-Estacionamentos.png 600w, https:\/\/bombasseiautomacao.com.br\/wp-content\/uploads\/2024\/05\/iSmartX3E-Estacionamentos-300x300.png 300w, https:\/\/bombasseiautomacao.com.br\/wp-content\/uploads\/2024\/05\/iSmartX3E-Estacionamentos-150x150.png 150w\" sizes=\"(max-width: 600px) 100vw, 600px\" \/><\/a><\/figure><div class=\"elementor-image-box-content\"><h3 class=\"elementor-image-box-title\"><a href=\"https:\/\/bombasseiautomacao.com.br\/index.php\/ismartx3e-estacionamentos\/\">iSmartX3E<br> Estacionamentos<\/a><\/h3><p class=\"elementor-image-box-description\">\u00c9 um teclado inteligente, compacto e f\u00e1cil de operar, ideal para gest\u00e3o completa de estacionamentos, com fun\u00e7\u00f5es interativas e relat\u00f3rios financeiros, substituindo o modelo EXPERT com mais seguran\u00e7a e efici\u00eancia.<\/p><\/div><\/div>\t\t\t\t<\/div>\n\t\t\t\t<\/div>\n\t\t\t\t<div class=\"elementor-element elementor-element-06aeb48 elementor-widget__width-initial elementor-position-left elementor-vertical-align-middle elementor-widget elementor-widget-image-box\" data-id=\"06aeb48\" data-element_type=\"widget\" data-widget_type=\"image-box.default\">\n\t\t\t\t<div class=\"elementor-widget-container\">\n\t\t\t\t\t<div class=\"elementor-image-box-wrapper\"><figure class=\"elementor-image-box-img\"><a href=\"https:\/\/bombasseiautomacao.com.br\/index.php\/ismartx3a-autenticador-de-caixa\/\" tabindex=\"-1\"><img loading=\"lazy\" decoding=\"async\" width=\"600\" height=\"600\" src=\"https:\/\/bombasseiautomacao.com.br\/wp-content\/uploads\/2024\/05\/iSmartX3A-Autenticador-de-Caixa.png\" class=\"elementor-animation-grow attachment-full size-full wp-image-322\" alt=\"\" srcset=\"https:\/\/bombasseiautomacao.com.br\/wp-content\/uploads\/2024\/05\/iSmartX3A-Autenticador-de-Caixa.png 600w, https:\/\/bombasseiautomacao.com.br\/wp-content\/uploads\/2024\/05\/iSmartX3A-Autenticador-de-Caixa-300x300.png 300w, https:\/\/bombasseiautomacao.com.br\/wp-content\/uploads\/2024\/05\/iSmartX3A-Autenticador-de-Caixa-150x150.png 150w\" sizes=\"(max-width: 600px) 100vw, 600px\" \/><\/a><\/figure><div class=\"elementor-image-box-content\"><h3 class=\"elementor-image-box-title\"><a href=\"https:\/\/bombasseiautomacao.com.br\/index.php\/ismartx3a-autenticador-de-caixa\/\">iSmartX3A <br>Autenticador<br> de Caixa<\/a><\/h3><p class=\"elementor-image-box-description\">\u00c9 um teclado inteligente, robusto e compacto, f\u00e1cil de operar, ideal para autentica\u00e7\u00e3o de recebimentos e pagamentos, com impress\u00e3o t\u00e9rmica personalizada e relat\u00f3rios financeiros completos.<\/p><\/div><\/div>\t\t\t\t<\/div>\n\t\t\t\t<\/div>\n\t\t\t\t<div class=\"elementor-element elementor-element-514fcc1 elementor-widget__width-initial elementor-position-left elementor-vertical-align-middle elementor-widget elementor-widget-image-box\" data-id=\"514fcc1\" data-element_type=\"widget\" data-widget_type=\"image-box.default\">\n\t\t\t\t<div class=\"elementor-widget-container\">\n\t\t\t\t\t<div class=\"elementor-image-box-wrapper\"><figure class=\"elementor-image-box-img\"><img loading=\"lazy\" decoding=\"async\" width=\"188\" height=\"122\" src=\"https:\/\/bombasseiautomacao.com.br\/wp-content\/uploads\/2024\/06\/sat_dimep.png\" class=\"elementor-animation-grow attachment-full size-full wp-image-791\" alt=\"\" \/><\/figure><div class=\"elementor-image-box-content\"><h3 class=\"elementor-image-box-title\">SAT <br>Dimep<\/h3><p class=\"elementor-image-box-description\">\u00c9 um equipamento fiscal eletr\u00f4nico desenvolvido pela empresa DIMEP com o objetivo de transmitir de forma segura os cupons fiscais eletr\u00f4nicos gerados nas vendas do com\u00e9rcio varejista diretamente para a Secretaria da Fazenda.<br>\u3164<\/p><\/div><\/div>\t\t\t\t<\/div>\n\t\t\t\t<\/div>\n\t\t\t\t<div class=\"elementor-element elementor-element-98e8d39 elementor-widget__width-initial elementor-position-left elementor-vertical-align-middle elementor-widget elementor-widget-image-box\" data-id=\"98e8d39\" data-element_type=\"widget\" data-widget_type=\"image-box.default\">\n\t\t\t\t<div class=\"elementor-widget-container\">\n\t\t\t\t\t<div class=\"elementor-image-box-wrapper\"><figure class=\"elementor-image-box-img\"><img loading=\"lazy\" decoding=\"async\" width=\"188\" height=\"146\" src=\"https:\/\/bombasseiautomacao.com.br\/wp-content\/uploads\/2024\/06\/sat_tanca.png\" class=\"elementor-animation-grow attachment-full size-full wp-image-798\" alt=\"\" \/><\/figure><div class=\"elementor-image-box-content\"><h3 class=\"elementor-image-box-title\">SAT<br> Tanca<\/h3><p class=\"elementor-image-box-description\">\u00c9 um modelo espec\u00edfico desenvolvido pela empresa Tanca,  com fun\u00e7\u00e3o de substituir o Emissor de Cupom Fiscal e garantir que os cupons fiscais eletr\u00f4nicos das vendas realizadas no com\u00e9rcio varejista sejam transmitidos de forma segura para a Secretaria da Fazenda.<\/p><\/div><\/div>\t\t\t\t<\/div>\n\t\t\t\t<\/div>\n\t\t\t\t<div class=\"elementor-element elementor-element-5ed4ccb elementor-widget__width-initial elementor-position-left elementor-vertical-align-middle elementor-widget elementor-widget-image-box\" data-id=\"5ed4ccb\" data-element_type=\"widget\" data-widget_type=\"image-box.default\">\n\t\t\t\t<div class=\"elementor-widget-container\">\n\t\t\t\t\t<div class=\"elementor-image-box-wrapper\"><figure class=\"elementor-image-box-img\"><a href=\"https:\/\/bombasseiautomacao.com.br\/index.php\/ismartx3r-restaurantes\/\" tabindex=\"-1\"><img loading=\"lazy\" decoding=\"async\" width=\"600\" height=\"600\" src=\"https:\/\/bombasseiautomacao.com.br\/wp-content\/uploads\/2024\/05\/iSmartX3R-Restaurantes.png\" class=\"elementor-animation-grow attachment-full size-full wp-image-324\" alt=\"\" srcset=\"https:\/\/bombasseiautomacao.com.br\/wp-content\/uploads\/2024\/05\/iSmartX3R-Restaurantes.png 600w, https:\/\/bombasseiautomacao.com.br\/wp-content\/uploads\/2024\/05\/iSmartX3R-Restaurantes-300x300.png 300w, https:\/\/bombasseiautomacao.com.br\/wp-content\/uploads\/2024\/05\/iSmartX3R-Restaurantes-150x150.png 150w\" sizes=\"(max-width: 600px) 100vw, 600px\" \/><\/a><\/figure><div class=\"elementor-image-box-content\"><h3 class=\"elementor-image-box-title\"><a href=\"https:\/\/bombasseiautomacao.com.br\/index.php\/ismartx3r-restaurantes\/\">iSmartX3R<br> Restaurantes<\/a><\/h3><p class=\"elementor-image-box-description\">\u00c9 um teclado inteligente, compacto e f\u00e1cil de operar, ideal para gest\u00e3o completa de restaurantes, com fun\u00e7\u00f5es interativas, relat\u00f3rios financeiros detalhados, e impress\u00e3o direta de pedidos na cozinha e bar.<\/p><\/div><\/div>\t\t\t\t<\/div>\n\t\t\t\t<\/div>\n\t\t\t\t<div class=\"elementor-element elementor-element-a4c9374 elementor-widget__width-initial elementor-position-left elementor-vertical-align-middle elementor-widget elementor-widget-image-box\" data-id=\"a4c9374\" data-element_type=\"widget\" data-widget_type=\"image-box.default\">\n\t\t\t\t<div class=\"elementor-widget-container\">\n\t\t\t\t\t<div class=\"elementor-image-box-wrapper\"><figure class=\"elementor-image-box-img\"><a href=\"https:\/\/bombasseiautomacao.com.br\/index.php\/impressoras\/\" tabindex=\"-1\"><img loading=\"lazy\" decoding=\"async\" width=\"1000\" height=\"1000\" src=\"https:\/\/bombasseiautomacao.com.br\/wp-content\/uploads\/2024\/06\/1063584165.jpg\" class=\"elementor-animation-grow attachment-full size-full wp-image-402\" alt=\"\" srcset=\"https:\/\/bombasseiautomacao.com.br\/wp-content\/uploads\/2024\/06\/1063584165.jpg 1000w, https:\/\/bombasseiautomacao.com.br\/wp-content\/uploads\/2024\/06\/1063584165-300x300.jpg 300w, https:\/\/bombasseiautomacao.com.br\/wp-content\/uploads\/2024\/06\/1063584165-150x150.jpg 150w, https:\/\/bombasseiautomacao.com.br\/wp-content\/uploads\/2024\/06\/1063584165-768x768.jpg 768w\" sizes=\"(max-width: 1000px) 100vw, 1000px\" \/><\/a><\/figure><div class=\"elementor-image-box-content\"><h3 class=\"elementor-image-box-title\"><a href=\"https:\/\/bombasseiautomacao.com.br\/index.php\/impressoras\/\">Impressoras<\/a><\/h3><p class=\"elementor-image-box-description\">Dispositivos essenciais para o com\u00e9rcio varejista, respons\u00e1veis por imprimir os comprovantes de venda gerados pelo Sistema de Autentica\u00e7\u00e3o e Transmiss\u00e3o (SAT).<\/p><\/div><\/div>\t\t\t\t<\/div>\n\t\t\t\t<\/div>\n\t\t\t\t\t<\/div>\n\t\t\t\t<\/div>\n\t\t\t\t<\/div>\n\t\t","protected":false},"excerpt":{"rendered":"<p>Nossos produtos iNFCe Cupom Fiscal \u00c9 um Teclado Inteligente, completo, super compacto n\u00e3o ocupa espa\u00e7o, n\u00e3o necessita de ambiente especial para operar como os computadores, suporta boa varia\u00e7\u00e3o de tens\u00e3o e temperatura. iLoja N\u00e3o Fiscal \u00c9 um teclado inteligente, compacto e sem mensalidade, que oferece completa gest\u00e3o de neg\u00f3cios, f\u00e1cil opera\u00e7\u00e3o e seguran\u00e7a, com possibilidade [&hellip;]<\/p>\n","protected":false},"author":2,"featured_media":0,"parent":0,"menu_order":0,"comment_status":"closed","ping_status":"closed","template":"elementor_canvas","meta":{"_joinchat":[],"footnotes":""},"class_list":["post-412","page","type-page","status-publish","hentry"],"_links":{"self":[{"href":"https:\/\/bombasseiautomacao.com.br\/index.php\/wp-json\/wp\/v2\/pages\/412","targetHints":{"allow":["GET"]}}],"collection":[{"href":"https:\/\/bombasseiautomacao.com.br\/index.php\/wp-json\/wp\/v2\/pages"}],"about":[{"href":"https:\/\/bombasseiautomacao.com.br\/index.php\/wp-json\/wp\/v2\/types\/page"}],"author":[{"embeddable":true,"href":"https:\/\/bombasseiautomacao.com.br\/index.php\/wp-json\/wp\/v2\/users\/2"}],"replies":[{"embeddable":true,"href":"https:\/\/bombasseiautomacao.com.br\/index.php\/wp-json\/wp\/v2\/comments?post=412"}],"version-history":[{"count":25,"href":"https:\/\/bombasseiautomacao.com.br\/index.php\/wp-json\/wp\/v2\/pages\/412\/revisions"}],"predecessor-version":[{"id":1066,"href":"https:\/\/bombasseiautomacao.com.br\/index.php\/wp-json\/wp\/v2\/pages\/412\/revisions\/1066"}],"wp:attachment":[{"href":"https:\/\/bombasseiautomacao.com.br\/index.php\/wp-json\/wp\/v2\/media?parent=412"}],"curies":[{"name":"wp","href":"https:\/\/api.w.org\/{rel}","templated":true}]}}